8 is divided by z?
8
Let b(o) = -3*o + 1. Let p be b(-2). Let w(r) = r**3 - 7*r**2 + r + 3. Let h be w(p). Let f = 19 + h. What is the remainder when f is divided by 8?
5
Suppose 3 + 1 = -4*d. Let v = d - 1. Calculate the remainder when 46 is divided by ((-8)/12)/(v/48).
14
Suppose 3*n + 325 = 127. Let s = -26 - n. Let k(l) = l**3 - 3*l**2 - 7*l - 1. What is the remainder when s is divided by k(5)?
12
Let x = -18 + 0. Let u be ((-2)/3)/(4/x). Suppose -3*r - 6 = -p, 0 = -p - u*r + 1 + 11. What is the remainder when 17 is divided by p?
8
Suppose 4 = 4*z + 12, -5*z - 55 = -5*f. What is the remainder when 22 is divided by f?
4
Suppose -25*x - 210 = -35*x. Suppose -5*i = -2*b + 87, 0 = 2*b + 3*i + 1 - 64. Suppose 0*s - 3*s = -b. What is the remainder when x is divided by s?
9
Let k = -5 - -14. Let j = 120 - 37. Let x = j + -58. Calculate the remainder when x is divided by k.
7
Suppose 0 = 2*z - 34 - 18. Calculate the remainder when z is divided by 9.
8
Calculate the remainder when 86 is divided by ((-420)/147)/(2/(-21)).
26
Suppose 2*n = -b - 402, 4*n + 0*b - 5*b = -818. Calculate the remainder when 1/(-3 - 608/n) is divided by 26.
23
Suppose 10*c - 11*c + 10 = 0. Calculate the remainder when 97 is divided by c.
7
Let m(i) = i**3 - 2*i**2 + 2. Let d be m(2). Let k = d + 3. Suppose k*o - 188 - 17 = 0. Calculate the remainder when o is divided by 14.
13
Let n = -14 - -10. Let l = -1 - n. Calculate the remainder when 5 is divided by l.
2
Let f(b) = b**2 - 5*b - 2. Let w be f(6). Suppose 3*r = -z - z + 102, 0 = 5*z + w*r - 241. Calculate the remainder when z is divided by 16.
13
Let j = -8 + 26. What is the remainder when 87 is divided by j?
15
Suppose -2 = -4*s + 302. What is the remainder when s is divided by 40?
36
Let m = -170 - -279. What is the remainder when m is divided by 28?
25
Suppose 0 = -0*q - 8*q + 464. What is the remainder when q is divided by 31?
27
Suppose 0 = x + 1 + 1. Let n = -33 - -47. Let j = n - x. What is the remainder when 31 is divided by j?
15
Let h = 1 - -6. Suppose -h = -x + 11. Let m = 77 + -42. Calculate the remainder when m is divided by x.
17
Suppose 2*t + 3*t - 140 = 0. Suppose 0 = 3*y + y - t. What is the remainder when 19 is divided by y?
5
Let l(q) = q + 4. Let c be l(-4). Let x(v) = v**3 - v + 10. Calculate the remainder when 18 is divided by x(c).
8
Let z = -11 - -8. What is the remainder when ((-29)/2)/(z/12) is divided by 15?
13
Let p = -120 - -122. Suppose 0 = -s - s + 12. What is the remainder when s is divided by p?
0
Let v(d) = 21*d**3 + 2*d**2 - 3*d + 1. Let f = -49 - -89. Calculate the remainder when f is divided by v(1).
19
Suppose f + 3*f - 20 = -4*k, -5 = f. Calculate the remainder when k is divided by 5.
0
Let p be (-5 - (-5 - -3)) + 9. Suppose 21 = 3*h + p. Calculate the remainder when h is divided by 2.
1
Suppose 2 = 2*q - 8. Let c be 4 + (-3 - (1 - 2)). Suppose -f = 5*a + f - 85, -63 = -c*a + 5*f. Calculate the remainder when a is divided by q.
4
Let m = 10 - -2. Let u(f) = 33*f**3 + 2*f**2 + 6*f - 7. Calculate the remainder when u(1) is divided by m.
10
Suppose -5*b + 4*h + 5 = -3, 10 = 3*b - 5*h. Suppose b = 2*c - 7 - 5. Let s = 7 - -3. What is the remainder when s is divided by c?
4
Let s(w) = -2*w + 7. Let n(x) = -3*x**2 + 2*x + 2. Let p be n(2). Calculate the remainder when 75 is divided by s(p).
18
Let k(c) be the second derivative of -c**4/4 - c**3/6 - 2*c. Let w be k(-1). Let t(g) = -g + 2. Calculate the remainder when t(w) is divided by 2.
0
Let v(a) = -a**3 - 8*a**2 + 6*a + 3. Let k(w) = -16*w**3. Calculate the remainder when v(-9) is divided by k(-1).
14
Let c(g) = -g**3 - g**2 - 2*g - 2. Calculate the remainder when 23 is divided by c(-2).
5
Suppose -14 = -4*f - 2. Let i(w) = 9*w**2 - 12*w - 9 + 5*w**f - 3*w**3 - w**3. Calculate the remainder when i(-10) is divided by 4.
3
Suppose 8*y - 85 = -13. What is the remainder when 60 is divided by y?
6
Let s(x) = -x**3 - 5*x**2 - 6*x - 1. Let a(f) = 2*f + 2. Let d be a(-3). Let p be s(d). Suppose -p - 13 = -2*m. What is the remainder when m is divided by 4?
2
Let b(f) = -f**2 + 7*f - 5. Let h(w) be the third derivative of w**5/60 + w**4/12 + w**3/2 - 2*w**2. What is the remainder when h(-4) is divided by b(4)?
4
Suppose -2*i + 6*i - 308 = 0. Calculate the remainder when i is divided by 39.
38
Let z(f) = -8*f**3. Let o = 16 - -13. What is the remainder when o is divided by z(-1)?
5
Suppose -29 - 18 = -i + 2*h, 3*h = 5*i - 207. Calculate the remainder when i is divided by 9*2/9*(-42)/(-4).
18
Suppose 0 = -3*i + s + 143, 4*i - 5*s + 0*s - 187 = 0. What is the remainder when 430 is divided by i?
46
Let s(m) = -m**2 + 6*m + 10. Suppose 0 = 4*l - 4, l = 5*h + 5 - 34. Calculate the remainder when s(6) is divided by h.
4
Let h(y) = -y**3 - 11*y**2 + y + 14. Let n be h(-11). Suppose 2*a - 240 = -n*a. Calculate the remainder when a is divided by 17.
14
Let d = 8 + -4. Calculate the remainder when d is divided by 3.
1
Let v = -46 - -62. Calculate the remainder when 139 is divided by v.
11
Let q(u) = -4*u**3 - 3*u**2 - 3*u. What is the remainder when q(-2) is divided by 7?
5
Let p = -10 - -5. Let t be (-1 - 1)/2 - p. Suppose -t*s - 13 + 101 = 0. What is the remainder when s is divided by 8?
6
Let o(l) = -l**2 + 10*l - 5. Let s = 6 - 1. Suppose -5*v = -0*w - 4*w - 70, -35 = -s*v - 3*w. Calculate the remainder when o(4) is divided by v.
9
Suppose -5*q - 3 + 18 = 5*c, -q + 2*c + 6 = 0. Calculate the remainder when q is divided by (-21)/(-6) - 1/2.
1
Suppose 0 = -2*l - 10, 2*k - 2*l + 23 - 77 = 0. Calculate the remainder when 42 is divided by k.
20
Suppose -p = -11*p + 120. Calculate the remainder when 34 is divided by p.
10
Let l(g) = -g**3 - 4*g**2 + 14*g - 3. What is the remainder when l(-7) is divided by 12?
10
Let q(l) = l**2 - 7*l + 2. Let x be q(7). Calculate the remainder when ((-3)/6)/(x/(-96)) is divided by 13.
11
Suppose -s + 30 + 5 = -5*d, -4*d = 20. What is the remainder when 24 is divided by s?
4
Suppose 2*t - 94 = 2*y, -4*t - 5*y = -0*y - 197. Let m = t + 10. What is the remainder when 8/(-28) + m/7 is divided by 3?
2
Let f = 6 - -8. Calculate the remainder when 40 is divided by f.
12
Let c(j) = -j**2 - j. Let r(s) = 4*s**2 - 3. Let m(n) = -3*c(n) - r(n). Let z be m(4). What is the remainder when 56/6 - z/(-3) is divided by 5?
4
Suppose 3*f - 247 = -5*n, 0 = -5*n + f + 4*f + 215. Let b = -1 - -5. What is the remainder when n is divided by ((-64)/2)/(b - 6)?
15
What is the remainder when 2 + 2 + 76 + -6 is divided by 26?
22
Let y(g) = -5*g - 8. Let a(l) = 3*l + 5. Let z(k) = 7*a(k) + 5*y(k). Calculate the remainder when 54 is divided by z(-6).
16
Let n = -135 + 215. What is the remainder when n is divided by 6?
2
Let z(h) = -1 + h + 2*h - 2*h. Let o be z(1). Let l = o + 6. Calculate the remainder when 10 is divided by l.
4
What is the remainder when (-6)/(-9) - 362/(-6) is divided by 13?
9
Let q(c) = -c**3 - c**2 - 3*c - 9. What is the remainder when q(-3) is divided by 7?
4
What is the remainder when 41 is divided by 2*(1 + 9/2)?
8
Let g be (16/6)/((-2)/(-15)). Suppose -2*d + g = -58. Suppose 3*v - 2*z - 50 = -2*v, -5*v + 50 = z. What is the remainder when d is divided by v?
9
Let b = -53 - -61. Calculate the remainder when b is divided by 5.
3
Let g(s) = -s**2 - 7*s - 1. Let p be g(-8). Let t be (-238)/(-63) + (-2)/p. Suppose t*z = -6 + 186. What is the remainder when z is divided by 16?
13
Suppose 2*t = 4 + 10. Let p = 13 - 9. Calculate the remainder when t is divided by p.
3
Suppose -5*x + 29 + 31 = 0. What is the remainder when 46 is divided by x?
10
Let f(h) be the second derivative of 5/3*h**3 + 0 - h - 9/2*h**2 - 1/12*h**4. Calculate the remainder when 29 is divided by f(6).
14
Suppose 0*t = -4*t + 32. What is the remainder when 17 is divided by t?
1
What is the remainder when 22 is divided by 27/4 + -1 + (-180)/240?
2
Let m = -66 - -110. Calculate the remainder when m is divided by 23.
21
What is the remainder when 3/(1 - 3/(-6)) is divided by 1?
0
Let a(p) = -p**2 + 6*p - 1. Let i be a(8). Let q = -41 - i. What is the remainder when (-1)/(-4) + (-378)/q is divided by 6?
4
Calculate the remainder when 37 is divided by 3 + -5 - -1 - (-21)/1.
17
Let q = 56 - 54. Calculate the remainder when -1 + 2 - (-5 - 1) is divided by q.
1
Let d =